70 = -3*g - u*f, 5*g = 3*f + 2*f + 90. What is the remainder when 49 is divided by g?
9
Let t be 14 - (-1 + -1 + 1). Suppose -7*h + 8*h = t. Let v(w) = 8*w**2 + w - 1. What is the remainder when h is divided by v(1)?
7
Let m = 2 + 3. Calculate the remainder when 362/20 + (-13)/130 is divided by m.
3
Suppose 0 = -4*y - 4*c + 192, 2*c + 0 + 112 = 2*y. Calculate the remainder when y is divided by 14.
10
Suppose -2*v - 2*r = -16, 0 = -v + 5*r + 41 - 3. What is the remainder when 115 is divided by v?
11
Let r(h) = -h**3 - 49*h**2 - 187*h. Calculate the remainder when 44 is divided by r(-4).
16
Suppose 1 = 2*r - 13. Suppose 6*o + 6*o = 36. Calculate the remainder when o*2/(-6)*-27 is divided by r.
6
Let b = 72 + -59. Calculate the remainder when (1*-2)/(2/(-24)) is divided by b.
11
Let z(v) = 4*v**2 - v. Let s be z(1). Calculate the remainder when ((-4446)/(-10))/s + (-8)/(-10) is divided by 25.
24
Suppose 0 = -2*x + 2 + 2. Suppose -x*i = 19 + 17. Let y = i + 28. What is the remainder when 18 is divided by y?
8
What is the remainder when 264 is divided by 360/84*21/2?
39
Let w = 214 + -72. Calculate the remainder when w is divided by 24.
22
Suppose -38 = -3*q + 205. What is the remainder when 194/18 - (-18)/q is divided by 6?
5
Let g be (-18)/(-7)*(8 + -1). Let l be 161/35 - 9 - (-4)/10. Let b = g + l. What is the remainder when 38 is divided by b?
10
Suppose 11 = r - 5*o, -3*r - o - 2*o = -15. Let q = r + 22. Calculate the remainder when 110 is divided by q.
26
What is the remainder when 1/(1 - (-265)/(-270)) is divided by 692/36 + 2/(-9)?
16
Suppose 0 = -4*k - 5*q + 48, -k + 5 = 4*q - 18. What is the remainder when 137 is divided by k?
4
Let o(l) = 4*l - 24. Let g be o(7). Suppose g*u + 3*u = 98. What is the remainder when u is divided by 7?
0
Let o(a) = a**3 - a**2 - 3*a - 5. Suppose 8*d + 70 = 3*d. Let s = -10 - d. Calculate the remainder when o(s) is divided by 11.
9
Suppose -5*t = -41 - 49. Let b be -4*2/((-16)/26). Suppose 0 = a - b - 21. Calculate the remainder when a is divided by t.
16
Suppose -291 = -28*n + 4161. Calculate the remainder when n is divided by 10.
9
Suppose 2*c - 31 + 7 = 0. Calculate the remainder when 18 is divided by ((-1)/(-3))/(1/c).
2
Let n be 10 + (6 - 3)/(-3). Let c = n - -3. Calculate the remainder when 23 - (3 + -3)/1 is divided by c.
11
Suppose 0 = -5*s + 3 + 12. Let x(k) = k - 1. Let d be x(1). Suppose -m - 156 = -s*j + 2*m, 3*j + m - 160 = d. What is the remainder when j is divided by 28?
25
Let m = -1797 + 1982. Calculate the remainder when m is divided by 67.
51
Let q(l) = -l**3 - 6*l**2 + l - 5. Let c be q(-6). Let f = 46 + c. Calculate the remainder when 103 is divided by f.
33
Let t be (-4 - (-4 + 0))/2. What is the remainder when (-64)/(-2 - t) - -1 is divided by 6?
3
What is the remainder when 2/3*(15 - -72) is divided by 15?
13
Suppose w + 0*h + 63 = h, -4*w - 5*h = 288. Let q = w - -103. What is the remainder when 105 is divided by q?
33
Suppose -5*c - 707 = -927. What is the remainder when c is divided by 12?
8
Suppose 9*y - 10*y + 94 = 0. What is the remainder when y is divided by 20?
14
What is the remainder when 77 is divided by ((-14)/(-3) - 5)*-51?
9
Suppose 9*k - 4*k - 3*s = 910, 4*k - 765 = -5*s. Calculate the remainder when k is divided by 33.
20
Suppose -2*i + 6 = 0, 0 = 4*q + 2*i - 52 - 86. Suppose -2*x - 1 = -q. Calculate the remainder when x is divided by 7 - ((-16 - -8) + 7)*-1.
4
Suppose -59 = -c - g + 24, 4*g + 270 = 3*c. Let k = 71 + -73. What is the remainder when c is divided by (k/7)/(11/(-847))?
20
Let h(o) = -o**3 - 13*o**2 - 12*o + 12. What is the remainder when 719 is divided by h(-12)?
11
Let f be (-16)/(-6) - (-6)/(-9). Suppose -24 = -y + f. Let m(j) = -j**3 - 4*j**2 + 2*j - 11. What is the remainder when m(-6) is divided by y?
23
Suppose f = -1 + 3. Suppose 0 = 3*h + 5 + 7, 0 = 3*j + 4*h + 13. Calculate the remainder when f is divided by j.
0
Suppose -26*b + 16*b = -480. What is the remainder when 190 is divided by b?
46
Let l(m) = -3*m. Let u be l(-1). Suppose z = u*z - 18. Let p(v) = 5*v**2 + 14*v - 31. Calculate the remainder when p(2) is divided by z.
8
Suppose 4*t - 4*l = 196, 5*t - 3*l + 6*l - 261 = 0. Let o(u) = -u**3 + 9*u**2 + u + 4. Calculate the remainder when t is divided by o(9).
12
Let g(s) = 22*s + 3. Suppose -4*x + u = -72, 0 = 6*x - x + 4*u - 90. Calculate the remainder when g(3) is divided by x.
15
Suppose -894 + 140 = -13*x. Calculate the remainder when x is divided by 31.
27
Let h be 123/4 - (-15)/60. Suppose -3*r = -n - h, r - n - 9 = -0*n. What is the remainder when 42 is divided by r?
9
Let j = 1441 - 1417. Let y(m) = -14*m**3 + 2*m**2 + m. What is the remainder when y(-2) is divided by j?
22
Let l be (5 - (-3 - 0)) + -4. Suppose -2*c + f + 30 = 4*f, -68 = -l*c - 4*f. What is the remainder when 104 is divided by c?
20
Suppose -5*l - 103 + 223 = 0. What is the remainder when 743 is divided by l?
23
Let w = 20 + -1. Let b be 1 + -1 + 45 + -4. Let x = b + -34. Calculate the remainder when w is divided by x.
5
Let s be (-6 + 4 + 2)/(-3). Suppose s = -13*l + 360 - 113. Calculate the remainder when 56 is divided by l.
18
Let v(u) be the first derivative of -3*u**2/2 - 2*u + 45. Let i be 1/3 + (-21)/9. What is the remainder when v(i) is divided by 4?
0
Let z be ((-4)/3)/(-1)*(-36)/8. Let s(x) = -x**2 - 11*x - 11. What is the remainder when s(z) is divided by 14?
5
Let t = -19 - -22. Suppose 0 = t*v - 54 - 45. What is the remainder when v is divided by 19?
14
Let x(p) = -4*p - 21. Let l(f) = f + 5. Let h(o) = -9*l(o) - 2*x(o). Let d be h(-7). Calculate the remainder when (1*-14)/((-1)/d) is divided by 19.
18
Suppose 2*h + 2*h = 148. Calculate the remainder when h is divided by 314/14 + 351/(-819).
15
Let s = 29 - 27. Suppose -4*b + 4*w = -w - 83, s*b - w - 43 = 0. What is the remainder when b is divided by 12?
10
Let g(m) = -11*m - 2. Let p be g(-1). Suppose -8*b + p*b = 65. Suppose -4*c = c - b. What is the remainder when 63 is divided by c?
11
Let a(u) = 37*u - 55. What is the remainder when a(5) is divided by 11?
9
Let v = 8 - 5. Let q(k) = 7*k - 1. Calculate the remainder when q(8) is divided by v*-6*7/(-9).
13
Suppose 26*l = 343 + 333. What is the remainder when l is divided by 17?
9
Suppose 29*k = 27*k + 3*h + 48, 67 = 3*k - 2*h. Calculate the remainder when 50 is divided by k.
8
Let r = 196 + -169. What is the remainder when 94 is divided by r?
13
Let a = -1826 + 1862. What is the remainder when a is divided by (-16)/(-2) + (2 - 2)?
4
Let f = 2213 - 2057. Calculate the remainder when f is divided by 55.
46
Let p(j) = -2*j + 2*j**3 + 5 - 4 - j. Let t(c) = -c**2 - 3*c + 3. What is the remainder when p(2) is divided by t(-3)?
2
Let w(f) = f + 19. Suppose -256 - 32 = -3*u. Suppose -3*t = -3*h - u, -5*h = 4*t - h - 152. Calculate the remainder when t is divided by w(0).
16
Let w(v) = v**3 + 7*v**2 - 6*v - 2. Let f be w(-7). Suppose -f = 5*r - 6*r. Calculate the remainder when r is divided by 11.
7
Suppose 5*a = 4*v + 115, -5*a - 2*v = -8*a + 71. Let u(j) = -9 + 13 + 19*j - 4*j. What is the remainder when u(5) is divided by a?
25
Suppose 0 = 4*t + 28 - 20. What is the remainder when (39 - 117)/((-1 + 5)/t) is divided by 3?
0
Suppose 5*t + 13 = -2*r - r, -4*t - 9 = r. Let l(x) = -20*x + 1. Suppose 0*j - 3*j + 27 = 2*m, 15 = m + 3*j. Calculate the remainder when l(r) is divided by m.
9
Suppose 4*m = 0, 0*j - 3*m + 87 = -3*j. Let g = -22 - j. Calculate the remainder when g is divided by 4.
3
Suppose -51 - 48 = -3*r. Let x = r - -44. What is the remainder when x is divided by 16?
13
Let k(i) = -43*i - 7. Let j be k(-1). Suppose 3*p + 3 = f, 2*f - 4*p = -2*f + j. Calculate the remainder when 22 is divided by f.
10
Let y = -46 - -57. Let f(i) = i. What is the remainder when f(y) is divided by 3?
2
Let s be (-12)/15 + 1 - (-4456)/20. Suppose s = 3*g - 4*k, -4*g - 3*k + 277 + 12 = 0. Calculate the remainder when g is divided by 15.
13
Suppose 4*t = -3*k + 9, -1 + 3 = -2*k. Let n(q) = 5*q + 4. Let s be n(t). Suppose 5*c - s - 26 = 0. Calculate the remainder when c is divided by 6.
3
Suppose 4*i + 2*k = 1 + 3, -4*i - 3*k = 0. Suppose -i*c - 6 = -6*c. What is the remainder when 6 is divided by c?
0
Let o(a) = 15*a - 100. What is the remainder when 26 is divided by o(